{"id":3151,"date":"2024-01-13T21:29:58","date_gmt":"2024-01-13T20:29:58","guid":{"rendered":"https:\/\/eventlive-tvproduktion.de\/?page_id=3151"},"modified":"2024-12-18T12:22:04","modified_gmt":"2024-12-18T11:22:04","slug":"alle-spiele-der-hsm-endrunde-2024","status":"publish","type":"page","link":"https:\/\/eventlive-tvproduktion.de\/?page_id=3151","title":{"rendered":"Alle Spiele der HSM Endrunde 2024"},"content":{"rendered":"\n<p class=\"has-white-background-color has-background\">Erlebe jetzt die mitrei\u00dfende Action der 38. Dortmunder Hallen Fu\u00dfball Stadtmeisterschaft erneut! Unser Event-Live-Team hat in Kooperation mit den RUHR-Nachrichten Dortmund die gesamte Endrunde am Freitag und Samstag live auf den Seiten der RUHR-Nachrichten gestreamt.<\/p>\n\n\n\n<div class=\"wp-block-buttons is-layout-flex wp-block-buttons-is-layout-flex\">\n<div class=\"wp-block-button\"><a class=\"wp-block-button__link wp-element-button\" href=\"https:\/\/eventlive-tvproduktion.de\/?page_id=4646\">HSM 2025<\/a><\/div>\n<\/div>\n\n\n<div class=\"wp-block-image\">\n<figure class=\"alignleft size-large is-resized\"><img loading=\"lazy\" decoding=\"async\" width=\"768\" height=\"511\" src=\"https:\/\/eventlive-tvproduktion.de\/wp-content\/uploads\/48963D27-F7B8-4120-BF8F-FD78EC1EF3A5-768x511.jpeg\" alt=\"\" class=\"wp-image-3158\" style=\"width:451px;height:auto\" srcset=\"https:\/\/eventlive-tvproduktion.de\/wp-content\/uploads\/48963D27-F7B8-4120-BF8F-FD78EC1EF3A5-768x511.jpeg 768w, https:\/\/eventlive-tvproduktion.de\/wp-content\/uploads\/48963D27-F7B8-4120-BF8F-FD78EC1EF3A5-300x200.jpeg 300w, https:\/\/eventlive-tvproduktion.de\/wp-content\/uploads\/48963D27-F7B8-4120-BF8F-FD78EC1EF3A5-150x100.jpeg 150w, https:\/\/eventlive-tvproduktion.de\/wp-content\/uploads\/48963D27-F7B8-4120-BF8F-FD78EC1EF3A5.jpeg 800w\" sizes=\"auto, (max-width: 768px) 100vw, 768px\" \/><\/figure>\n<\/div>\n\n\n<p class=\"has-white-background-color has-background\">Tauche jetzt ein in die pulsierende Atmosph\u00e4re der Helmut K\u00f6rnig Halle und genie\u00dfe atemberaubende Tore, spannende Interviews und die mitrei\u00dfende Stimmung dieses fantastischen Hallenfu\u00dfballturniers. Alle Spiele der Endrunde warten darauf, von dir in bester HD-Qualit\u00e4t entweder hier auf unserer Homepage oder auf unserem YouTube-Kanal angesehen zu werden.<\/p>\n\n\n\n<p class=\"has-white-background-color has-background\">Lass die Begeisterung der 38. Dortmunder Hallenfu\u00dfball Stadtmeisterschaft noch einmal aufleben! Die \u00dcbertragungen wurden von den leidenschaftlichen Kommentatoren Uwe Szesny, Christian Bentrup, Daniel Schr\u00f6der und Uwe Kisker begleitet. Viel Spa\u00df beim erneuten Eintauchen in dieses Fu\u00dfballfest! &#x26bd;&#x1f525;&#x1f4fa;<\/p>\n\n\n\n<p class=\"has-light-green-cyan-background-color has-background has-medium-font-size\">Hier gibt es die packenden Highlights Spiele und mehr&#8230;<\/p>\n\n\n\n<figure class=\"wp-block-embed is-type-video is-provider-youtube wp-block-embed-youtube wp-embed-aspect-16-9 wp-has-aspect-ratio\"><div class=\"wp-block-embed__wrapper\">\n<iframe loading=\"lazy\" title=\"Highlights 38. Dortmunder HSM Endspiel: Tu\u0308rkspor Do - Dortmunder Lo\u0308wen\" width=\"640\" height=\"360\" src=\"https:\/\/www.youtube.com\/embed\/RojC4NutgDw?feature=oembed\" frameborder=\"0\" allow=\"accelerometer; autoplay; clipboard-write; encrypted-media; gyroscope; picture-in-picture; web-share\" referrerpolicy=\"strict-origin-when-cross-origin\" allowfullscreen><\/iframe>\n<\/div><figcaption class=\"wp-element-caption\">Hier gibt es die packenden Highlights des Endspiels der 38. Dortmunder Hallenfu\u00dfball Stadtmeisterschaft, das in der eindrucksvollen Helmut-K\u00f6rnig -Halle stattfand. Die Zuschauer wurden Zeugen einer fesselnden und interessanten Begegnung, in der der Oberligist auf die herausfordernden Dortmunder L\u00f6wen aus der Bezirksliga traf. Das hochspannende Duell versprach Spitzenfu\u00dfball und hielt, was es versprach. Unsere Expertenkommentatoren, Christian Bentrup und Daniel Schr\u00f6der, lieferten informative und kenntnisreiche Einblicke w\u00e4hrend des Spiels. Als engagierter Reporter f\u00fchrte Uwe Kisker durch die Ereignisse, vermittelte Hintergrundinformationen und sorgte f\u00fcr eine fesselnde Berichterstattung. Unser Bericht fasst die entscheidenden Momente zusammen und gibt einen Einblick in die Leidenschaft und Klasse, die dieses Endspiel gepr\u00e4gt haben. Erleben Sie erneut die Glanzmomente dieses aufregenden sportlichen Ereignisses.<\/figcaption><\/figure>\n\n\n\n<figure class=\"wp-block-embed is-type-video is-provider-youtube wp-block-embed-youtube wp-embed-aspect-16-9 wp-has-aspect-ratio\"><div class=\"wp-block-embed__wrapper\">\n<iframe loading=\"lazy\" title=\"38. HSM Highlights Platz 3 FC Br\u00fcnninghausen-BSV Sch\u00fcren\" width=\"640\" height=\"360\" src=\"https:\/\/www.youtube.com\/embed\/g7jED99F9M8?feature=oembed\" frameborder=\"0\" allow=\"accelerometer; autoplay; clipboard-write; encrypted-media; gyroscope; picture-in-picture; web-share\" referrerpolicy=\"strict-origin-when-cross-origin\" allowfullscreen><\/iframe>\n<\/div><figcaption class=\"wp-element-caption\">Liebe Sportsfreunde! Bei der diesj\u00e4hrigen 38. Hallenfu\u00dfball Stadtmeisterschaft erlebten wir eine besondere Wendung \u2013 anstelle des traditionellen Spiels um Platz 3 fand ein spannendes 8m-Schie\u00dfen statt. In unserem Video pr\u00e4sentieren wir die H\u00f6hepunkte: beeindruckende Torh\u00fcterparaden, zauberhafte Tore und die unvergleichliche Atmosph\u00e4re. Tauche ein in die faszinierenden Momente dieses Turniers, das die Leidenschaft f\u00fcr den Sport auf elegante Weise zelebrierte. Jetzt anschauen und hautnah dabei sein! &#x1f51d;&#x26bd; <a href=\"https:\/\/www.youtube.com\/hashtag\/hallenfu%C3%9Fball\">#Hallenfu\u00dfball<\/a> <a href=\"https:\/\/www.youtube.com\/hashtag\/stadtmeisterschaft\">#Stadtmeisterschaft<\/a> <a href=\"https:\/\/www.youtube.com\/hashtag\/videohighlights\">#VideoHighlights<\/a><\/figcaption><\/figure>\n\n\n\n<figure class=\"wp-block-embed is-type-video is-provider-youtube wp-block-embed-youtube wp-embed-aspect-16-9 wp-has-aspect-ratio\"><div class=\"wp-block-embed__wrapper\">\n<iframe loading=\"lazy\" title=\"Highlights 38. Dortmunder HSM Endscheidungs Spiel 1  Tu\u0308rkspor Do - FC Bru\u0308nninghausen\" width=\"640\" height=\"360\" src=\"https:\/\/www.youtube.com\/embed\/-YOTJWxWZgQ?feature=oembed\" frameborder=\"0\" allow=\"accelerometer; autoplay; clipboard-write; encrypted-media; gyroscope; picture-in-picture; web-share\" referrerpolicy=\"strict-origin-when-cross-origin\" allowfullscreen><\/iframe>\n<\/div><figcaption class=\"wp-element-caption\">In einem packenden Duell bei der 38. Dortmunder Hallenfu\u00dfball-Stadtmeisterschaft trafen T\u00fcrkspor und der FC Br\u00fcnninghausen in der Helmut-K\u00f6rnig-Halle aufeinander. Beide Teams lieferten eine beeindruckende Leistung ab. Am Ende setzte sich die siegreiche von T\u00fcrkspor Dortmund durch und sicherte sich den verdienten Sieg, damit qualifizierte sie sich f\u00fcr das hoch ersehnte Endspiel. Ein unvergesslicher Tag f\u00fcr die siegreiche Mannschaft und ihre Fans.<\/figcaption><\/figure>\n\n\n\n<figure class=\"wp-block-embed is-type-video is-provider-youtube wp-block-embed-youtube wp-embed-aspect-16-9 wp-has-aspect-ratio\"><div class=\"wp-block-embed__wrapper\">\n<iframe loading=\"lazy\" title=\"Highlights 38.Dortmunder HSM Endscheidung Spiel 2 Dortmunder Lo\u0308wen-BSV Schu\u0308ren\" width=\"640\" height=\"360\" src=\"https:\/\/www.youtube.com\/embed\/WbrprQRZW5Q?feature=oembed\" frameborder=\"0\" allow=\"accelerometer; autoplay; clipboard-write; encrypted-media; gyroscope; picture-in-picture; web-share\" referrerpolicy=\"strict-origin-when-cross-origin\" allowfullscreen><\/iframe>\n<\/div><figcaption class=\"wp-element-caption\">Im fesselnden zweiten Entscheidungsspiel zwischen den Dortmunder L\u00f6wen und dem BSV Sch\u00fcren boten beide Mannschaften ein intensives Duell, das nach zweimal 10 Minuten keinen klaren Sieger hervorbrachte. Spannung pur herrschte beim anschlie\u00dfenden Achtmeter-Schie\u00dfen, wo die siegreiche Mannschaft direkt das Ticket f\u00fcr das Endspiel l\u00f6ste. Der Verlierer hatte jedoch noch eine Chance: im Strafsto\u00dfschie\u00dfen um den begehrten dritten Platz anzutreten. Ein dramatischer Sportmoment, der die Zuschauer mitrei\u00dfend in seinen Bann zog.<br><br><\/figcaption><\/figure>\n\n\n\n<p>Hier gibt es die Video!<\/p>\n\n\n\n<figure class=\"wp-block-embed is-type-video is-provider-youtube wp-block-embed-youtube wp-embed-aspect-16-9 wp-has-aspect-ratio\"><div class=\"wp-block-embed__wrapper\">\n<iframe loading=\"lazy\" title=\"38. Dortmunder HSM Endrunde Helmut-K\u00f6rnig-Halle Freitag, Spiele 1-3\" width=\"640\" height=\"360\" src=\"https:\/\/www.youtube.com\/embed\/1KvhStBUMNE?feature=oembed\" frameborder=\"0\" allow=\"accelerometer; autoplay; clipboard-write; encrypted-media; gyroscope; picture-in-picture; web-share\" referrerpolicy=\"strict-origin-when-cross-origin\" allowfullscreen><\/iframe>\n<\/div><\/figure>\n\n\n\n<figure class=\"wp-block-embed is-type-video is-provider-youtube wp-block-embed-youtube wp-embed-aspect-16-9 wp-has-aspect-ratio\"><div class=\"wp-block-embed__wrapper\">\n<iframe loading=\"lazy\" title=\"38. Dortmunder HSM Helmut-K\u00f6rnig-Halle Freitag, Spiele 4-8\" width=\"640\" height=\"360\" src=\"https:\/\/www.youtube.com\/embed\/y4MT6KC3eO4?feature=oembed\" frameborder=\"0\" allow=\"accelerometer; autoplay; clipboard-write; encrypted-media; gyroscope; picture-in-picture; web-share\" referrerpolicy=\"strict-origin-when-cross-origin\" allowfullscreen><\/iframe>\n<\/div><\/figure>\n\n\n\n<figure class=\"wp-block-embed is-type-video is-provider-youtube wp-block-embed-youtube wp-embed-aspect-16-9 wp-has-aspect-ratio\"><div class=\"wp-block-embed__wrapper\">\n<iframe loading=\"lazy\" title=\"38. Dortmunder HSM Helmut-K\u00f6rnig-Halle Freitag, Spiele 9-12\" width=\"640\" height=\"360\" src=\"https:\/\/www.youtube.com\/embed\/urS8sY8c7oE?feature=oembed\" frameborder=\"0\" allow=\"accelerometer; autoplay; clipboard-write; encrypted-media; gyroscope; picture-in-picture; web-share\" referrerpolicy=\"strict-origin-when-cross-origin\" allowfullscreen><\/iframe>\n<\/div><\/figure>\n\n\n\n<p class=\"has-light-green-cyan-background-color has-background\">Die Spiele am Samstag aus der Hellmut-K\u00f6rnig-Halle<\/p>\n\n\n\n<figure class=\"wp-block-embed is-type-video is-provider-youtube wp-block-embed-youtube wp-embed-aspect-16-9 wp-has-aspect-ratio\"><div class=\"wp-block-embed__wrapper\">\n<iframe loading=\"lazy\" title=\"38. HSM Eine beispiellose Stimmung in der Helmut-K\u00f6rnig-Halle\" width=\"640\" height=\"360\" src=\"https:\/\/www.youtube.com\/embed\/zQjfb4t7HFM?feature=oembed\" frameborder=\"0\" allow=\"accelerometer; autoplay; clipboard-write; encrypted-media; gyroscope; picture-in-picture; web-share\" referrerpolicy=\"strict-origin-when-cross-origin\" allowfullscreen><\/iframe>\n<\/div><figcaption class=\"wp-element-caption\">Vor dem Start der Endrunde der 38. Dortmunder Hallenfu\u00dfball Stadtmeisterschaft erf\u00fcllte eine beispiellose Stimmung die Helmut K\u00f6rnig-Halle. Der Dortmunder S\u00e4nger Matthias Kartner trug ma\u00dfgeblich dazu bei, indem er den bekannten Hit &#8222;You&#8217;ll Never Walk Alone&#8220; pr\u00e4sentierte. Die Fans auf den Trib\u00fcnen sangen enthusiastisch mit, und ein wahrhaft magischer Moment durchzog die gesamte Halle. Dieser besondere Auftakt zum Endspieltag schuf eine G\u00e4nsehaut-Atmosph\u00e4re, die die Herzen von 4000 Besuchern h\u00f6herschlagen lie\u00df. Es war mehr als nur eine Er\u00f6ffnung \u2013 es war ein eindrucksvolles Zeugnis f\u00fcr die Leidenschaft und Verbundenheit zum Fu\u00dfball in Dortmund. &#x1f3a4;&#x26bd;&#x1f389;<\/figcaption><\/figure>\n\n\n\n<figure class=\"wp-block-embed is-type-video is-provider-youtube wp-block-embed-youtube wp-embed-aspect-16-9 wp-has-aspect-ratio\"><div class=\"wp-block-embed__wrapper\">\n<iframe loading=\"lazy\" title=\"38. Dortmunder HSM Helmut-K\u00f6rnig-Halle Samstag, Spiele \u00dcberkreuz\" width=\"640\" height=\"360\" src=\"https:\/\/www.youtube.com\/embed\/eZ_bmpStzPY?feature=oembed\" frameborder=\"0\" allow=\"accelerometer; autoplay; clipboard-write; encrypted-media; gyroscope; picture-in-picture; web-share\" referrerpolicy=\"strict-origin-when-cross-origin\" allowfullscreen><\/iframe>\n<\/div><figcaption class=\"wp-element-caption\">Am Samstagmittag gab es bei der 38. Dortmunder Hallenfu\u00dfball-Stadtmeisterschaft richtig Action in den \u00dcberkreuzspielen. Vier Spiele haben uns mit Spannung und spektakul\u00e4ren Momenten in der Helmut-K\u00f6rnig-Halle begeistert.<br>Im ersten Match des Tages ging es direkt zur Sache \u2013 T\u00fcrkspor Dortmund gegen den FC Roj. Dann trafen die Dortmunder L\u00f6wen auf SV Westrich 55, gefolgt von SV Brackel 06 gegen den FC Br\u00fcnninghausen im dritten Spiel. Das letzte Spiel der \u00dcberkreuzspiele brachte BSV Sch\u00fcren gegen den VfR S\u00f6lde.<br>Jetzt kannst du dir alle Begegnungen auf unserem YouTube-Kanal reinziehen. Verpasse nicht die coolen Moves und aufregenden Tore, die die siegreichen Teams ins Halbfinale katapultiert haben.<br>Unsere Kommentatoren Daniel Schr\u00f6der, Uwe Szesny und Christian Bentrup haben die Atmosph\u00e4re angeheizt, w\u00e4hrend Uwe Kisker als Reporter alle Details eingefangen hat. Hol dir jetzt den Kick und genie\u00dfe die Highlights dieser \u00dcberkreuzspiele. Spannung, Emotionen und gro\u00dfartiger Fu\u00dfball \u2013 alles in unserem exklusiven YouTube-Video! &#x26bd;&#x1f3a5;<\/figcaption><\/figure>\n\n\n\n<figure class=\"wp-block-embed is-type-video is-provider-youtube wp-block-embed-youtube wp-embed-aspect-16-9 wp-has-aspect-ratio\"><div class=\"wp-block-embed__wrapper\">\n<iframe loading=\"lazy\" title=\"Endscheidungsspiele:Tu\u0308rkspor Dortmund \u2013 FC Bru\u0308nninghausen, Dortmunder Lo\u0308wen \u2013 BSV Schu\u0308ren\" width=\"640\" height=\"360\" src=\"https:\/\/www.youtube.com\/embed\/Wan3DoVTivM?feature=oembed\" frameborder=\"0\" allow=\"accelerometer; autoplay; clipboard-write; encrypted-media; gyroscope; picture-in-picture; web-share\" referrerpolicy=\"strict-origin-when-cross-origin\" allowfullscreen><\/iframe>\n<\/div><figcaption class=\"wp-element-caption\">Verpasst nicht die Entscheidungsspiele der 38. Dortmunder Hallenfu\u00dfball-Stadtmeisterschaft auf unserem YouTube-Kanal! Wir werfen einen Blick zur\u00fcck auf die packenden Momente der spiele, die die Spannung in der Helmut-K\u00f6rnig-Halle auf den H\u00f6hepunkt trieben.<br>In den entscheidenden Partien trat T\u00fcrk Sport Dortmund gegen den FC Br\u00f6nninghausen an, w\u00e4hrend die Dortmunder L\u00f6wen auf den BSV Sch\u00fcren trafen. Vor Beginn dieser nervenaufreibenden Spiele nahm auch der Kreisvorsitzende, Andreas Edelstein, Stellung und stand Rede und Antwort bei unserem Kommentator und Moderator Uwe Kisker.<br>Genie\u00dft diese beiden Spiele erneut und erlebt die intensiven Augenblicke sowie zahlreiche Tore. Verfolgt die Entscheidungsspiele hautnah auf unserem YouTube-Kanal und taucht ein in die Spannung der Dortmunder Hallenfu\u00dfball-Stadtmeisterschaft! &#x26bd;&#x1f3a5;&#x1f3c6;<\/figcaption><\/figure>\n\n\n\n<figure class=\"wp-block-embed is-type-video is-provider-youtube wp-block-embed-youtube wp-embed-aspect-16-9 wp-has-aspect-ratio\"><div class=\"wp-block-embed__wrapper\">\n<iframe loading=\"lazy\" title=\"Finale der 38. Dortmunder HSM: Tu\u0308rkspor Do - Dortmunder Lo\u0308wen\" width=\"640\" height=\"360\" src=\"https:\/\/www.youtube.com\/embed\/iWyjDi6DCWs?feature=oembed\" frameborder=\"0\" allow=\"accelerometer; autoplay; clipboard-write; encrypted-media; gyroscope; picture-in-picture; web-share\" referrerpolicy=\"strict-origin-when-cross-origin\" allowfullscreen><\/iframe>\n<\/div><figcaption class=\"wp-element-caption\">Taucht ein in die atmosph\u00e4rische Kulisse der Helmut-K\u00f6rnig-Halle und erlebt mit uns das mit Spannung erwartete Endspiel der 38. Dortmunder Hallenfu\u00dfball Stadtmeisterschaft zwischen T\u00fcrkspor Dortmund und den Dortmunder L\u00f6wen. Dieses packende Duell, das die Fans in seinen Bann zog, k\u00f6nnt ihr nun auf unserem YouTube-Kanal genie\u00dfen.<br>Das Event-Live-Team setzte hierf\u00fcr neun Kameras ein und verlegte zahlreiche Kabel, um euch ein unvergleichliches Seherlebnis zu bieten. Genie\u00dft in einer hervorragenden HD-Qualit\u00e4t das letzte Spiel der 38. Hallenfu\u00dfballstadtmeisterschaft. Lasst euch von der faszinierenden Atmosph\u00e4re der Helmut-K\u00f6rnig-Halle mitrei\u00dfen und erlebt noch einmal die entscheidenden Momente dieser hochintensiven Begegnung.<br>Zus\u00e4tzlich haben wir ein Interview mit dem Kreisvorsitzenden des Fu\u00dfballkreises Dortmund, Andreas Edelstein, f\u00fcr euch vorbereitet. Er gibt Einblicke und analysiert das spannende Finale.<br>Das Endspiel der 38. Dortmunder Hallenfu\u00dfball Stadtmeisterschaft bietet Fu\u00dfballfans eine erneute Gelegenheit, die Leidenschaft und das K\u00f6nnen der beiden Finalisten zu w\u00fcrdigen. Verpasst nicht dieses Highlight, kommentiert und moderiert von Uwe Szesny, Christian Bentrup, Daniel Schr\u00f6der und Uwe Kisker, und genie\u00dft mit uns dieses Fu\u00dfballspektakel auf h\u00f6chstem Niveau! &#x26bd;&#x1f3a5;&#x1f3c6;<\/figcaption><\/figure>\n\n\n\n<figure class=\"wp-block-embed is-type-wp-embed is-provider-event-live wp-block-embed-event-live\"><div class=\"wp-block-embed__wrapper\">\n<blockquote class=\"wp-embedded-content\" data-secret=\"iyIrzYTYWA\"><a href=\"https:\/\/eventlive-tvproduktion.de\/?p=3176\">Lobeshymnen von Vertretern des Fu\u00dfballkreises und Kreisvorsitzenden<\/a><\/blockquote><iframe loading=\"lazy\" class=\"wp-embedded-content\" sandbox=\"allow-scripts\" security=\"restricted\" style=\"position: absolute; visibility: hidden;\" title=\"&#8222;Lobeshymnen von Vertretern des Fu\u00dfballkreises und Kreisvorsitzenden&#8220; &#8212; Event-Live\" src=\"https:\/\/eventlive-tvproduktion.de\/?p=3176&#038;embed=true#?secret=aVo2kTq90h#?secret=iyIrzYTYWA\" data-secret=\"iyIrzYTYWA\" width=\"600\" height=\"338\" frameborder=\"0\" marginwidth=\"0\" marginheight=\"0\" scrolling=\"no\"><\/iframe>\n<\/div><\/figure>\n\n\n\n<figure class=\"wp-block-embed is-type-wp-embed is-provider-event-live wp-block-embed-event-live\"><div class=\"wp-block-embed__wrapper\">\n<blockquote class=\"wp-embedded-content\" data-secret=\"CVvAz0QhPY\"><a href=\"https:\/\/eventlive-tvproduktion.de\/?p=3169\">Top Spiele, 4000 Zuschauer, Top Technik!<\/a><\/blockquote><iframe loading=\"lazy\" class=\"wp-embedded-content\" sandbox=\"allow-scripts\" security=\"restricted\" style=\"position: absolute; visibility: hidden;\" title=\"&#8222;Top Spiele, 4000 Zuschauer, Top Technik!&#8220; &#8212; Event-Live\" src=\"https:\/\/eventlive-tvproduktion.de\/?p=3169&#038;embed=true#?secret=5RuqouebEL#?secret=CVvAz0QhPY\" data-secret=\"CVvAz0QhPY\" width=\"600\" height=\"338\" frameborder=\"0\" marginwidth=\"0\" marginheight=\"0\" scrolling=\"no\"><\/iframe>\n<\/div><\/figure>\n\n\n\n<figure class=\"wp-block-embed is-type-wp-embed is-provider-event-live wp-block-embed-event-live\"><div class=\"wp-block-embed__wrapper\">\n<blockquote class=\"wp-embedded-content\" data-secret=\"aJRwqGBeuV\"><a href=\"https:\/\/eventlive-tvproduktion.de\/?p=3183\">Alle Spiele im Video ! Stadtmeister der Frauen BVB 09<\/a><\/blockquote><iframe loading=\"lazy\" class=\"wp-embedded-content\" sandbox=\"allow-scripts\" security=\"restricted\" style=\"position: absolute; visibility: hidden;\" title=\"&#8222;Alle Spiele im Video ! Stadtmeister der Frauen BVB 09&#8220; &#8212; Event-Live\" src=\"https:\/\/eventlive-tvproduktion.de\/?p=3183&#038;embed=true#?secret=yi4OoGBh7U#?secret=aJRwqGBeuV\" data-secret=\"aJRwqGBeuV\" width=\"600\" height=\"338\" frameborder=\"0\" marginwidth=\"0\" marginheight=\"0\" scrolling=\"no\"><\/iframe>\n<\/div><\/figure>\n","protected":false},"excerpt":{"rendered":"<p>Erlebe jetzt die mitrei\u00dfende Action der 38. Dortmunder Hallen Fu\u00dfball Stadtmeisterschaft erneut! Unser Event-Live-Team hat in Kooperation mit den RUHR-Nachrichten Dortmund die gesamte Endrunde am Freitag und Samstag live auf den Seiten der RUHR-Nachrichten gestreamt. Tauche jetzt ein in die pulsierende Atmosph\u00e4re der Helmut K\u00f6rnig Halle und genie\u00dfe atemberaubende Tore, spannende Interviews und die mitrei\u00dfende [&hellip;]<\/p>\n","protected":false},"author":5,"featured_media":3144,"parent":0,"menu_order":0,"comment_status":"closed","ping_status":"closed","template":"","meta":{"footnotes":""},"class_list":["post-3151","page","type-page","status-publish","has-post-thumbnail","hentry"],"_links":{"self":[{"href":"https:\/\/eventlive-tvproduktion.de\/index.php?rest_route=\/wp\/v2\/pages\/3151","targetHints":{"allow":["GET"]}}],"collection":[{"href":"https:\/\/eventlive-tvproduktion.de\/index.php?rest_route=\/wp\/v2\/pages"}],"about":[{"href":"https:\/\/eventlive-tvproduktion.de\/index.php?rest_route=\/wp\/v2\/types\/page"}],"author":[{"embeddable":true,"href":"https:\/\/eventlive-tvproduktion.de\/index.php?rest_route=\/wp\/v2\/users\/5"}],"replies":[{"embeddable":true,"href":"https:\/\/eventlive-tvproduktion.de\/index.php?rest_route=%2Fwp%2Fv2%2Fcomments&post=3151"}],"version-history":[{"count":12,"href":"https:\/\/eventlive-tvproduktion.de\/index.php?rest_route=\/wp\/v2\/pages\/3151\/revisions"}],"predecessor-version":[{"id":4735,"href":"https:\/\/eventlive-tvproduktion.de\/index.php?rest_route=\/wp\/v2\/pages\/3151\/revisions\/4735"}],"wp:featuredmedia":[{"embeddable":true,"href":"https:\/\/eventlive-tvproduktion.de\/index.php?rest_route=\/wp\/v2\/media\/3144"}],"wp:attachment":[{"href":"https:\/\/eventlive-tvproduktion.de\/index.php?rest_route=%2Fwp%2Fv2%2Fmedia&parent=3151"}],"curies":[{"name":"wp","href":"https:\/\/api.w.org\/{rel}","templated":true}]}}