{"id":319,"date":"2022-02-27T14:18:01","date_gmt":"2022-02-27T13:18:01","guid":{"rendered":"https:\/\/eventlive-tvproduktion.de\/?page_id=319"},"modified":"2025-02-10T11:05:46","modified_gmt":"2025-02-10T10:05:46","slug":"musik-events","status":"publish","type":"page","link":"https:\/\/eventlive-tvproduktion.de\/?page_id=319","title":{"rendered":"Shows"},"content":{"rendered":"\n<figure class=\"wp-block-image size-large\"><img loading=\"lazy\" decoding=\"async\" width=\"768\" height=\"135\" src=\"https:\/\/eventlive-tvproduktion.de\/wp-content\/uploads\/Logo_Sport-Live_lila_Claim-rechts_unten-unten-1-768x135.jpg\" alt=\"\" class=\"wp-image-5373\" srcset=\"https:\/\/eventlive-tvproduktion.de\/wp-content\/uploads\/Logo_Sport-Live_lila_Claim-rechts_unten-unten-1-768x135.jpg 768w, https:\/\/eventlive-tvproduktion.de\/wp-content\/uploads\/Logo_Sport-Live_lila_Claim-rechts_unten-unten-1-300x53.jpg 300w, https:\/\/eventlive-tvproduktion.de\/wp-content\/uploads\/Logo_Sport-Live_lila_Claim-rechts_unten-unten-1-150x26.jpg 150w, https:\/\/eventlive-tvproduktion.de\/wp-content\/uploads\/Logo_Sport-Live_lila_Claim-rechts_unten-unten-1.jpg 800w\" sizes=\"auto, (max-width: 768px) 100vw, 768px\" \/><\/figure>\n\n\n\n<p class=\"has-cyan-bluish-gray-background-color has-background\">R\u00fcckblick Dortmunder Schlagerpartys u.v.m.<\/p>\n\n\n\n<p>Die Schlagercouch und Event Live TV Produktion Dortmund GmbH \u2013 Musik, Partys und Unterhaltung im Ruhrgebiet<\/p>\n\n\n\n<p>Das Team von Event Live TV-Produktion Dortmund GmbH stehen f\u00fcr mitrei\u00dfende Musikshows, stimmungsvolle Partys und erstklassige Unterhaltung im Ruhrgebiet. Mit zahlreichen Formaten begeistern sie Woche f\u00fcr Woche Fans des deutschen Schlagers und bringen K\u00fcnstler sowie Zuschauer zusammen.<\/p>\n\n\n\n<p>Vielf\u00e4ltige Shows und Events<\/p>\n\n\n\n<p>Zu den bekannten Produktionen z\u00e4hlen unter anderem:<br>\u2022 Der Dortmunder Schlagergarten \u2013 Eine Musikshow, die talentierte K\u00fcnstler pr\u00e4sentiert und das Publikum in eine Welt voller Schlagermelodien entf\u00fchrt.<br>\u2022 Die Dortmunder Schlagerparty \u2013 Ein j\u00e4hrliches Highlight, das sich als fester Bestandteil der Dortmunder Eventlandschaft etabliert hat. Seit einiger Zeit findet dieses Event im Pulsschlag Dortmund-Dorstfeld statt und lockt zahlreiche Fans an.<br>\u2022 Partys &amp; Talkshows \u2013 Neben klassischen Musikshows organisiert das Team spannende Talkformate und exklusive Partys, die f\u00fcr beste Unterhaltung sorgen.<br>\u2022 Das Lichterfest im Fredenbaumpark \u2013 Ein weiteres gro\u00dfes Event, das mit einer beeindruckenden Schlagerparty kombiniert wird.<\/p>\n\n\n\n<p>Jede Woche eine neue Sendung<\/p>\n\n\n\n<p>Ein besonderes Markenzeichen der Schlagercouch ist die w\u00f6chentliche TV-Sendung, die regelm\u00e4\u00dfig neue G\u00e4ste, interessante Interviews und beste Schlager-Unterhaltung bietet. Hier erfahren Fans Neuigkeiten aus der Szene, erleben Live-Auftritte und k\u00f6nnen sich aktiv an der Show beteiligen.<\/p>\n\n\n\n<p>Planung gro\u00dfer Events f\u00fcr die Zukunft<\/p>\n\n\n\n<p>Das Team der Schlagercouch und der Event Live TV Produktion Dortmund GmbH plant bereits weitere Gro\u00dfveranstaltungen und arbeitet stetig daran, neue kreative Konzepte umzusetzen. Egal ob Open-Air-Events, Indoor-Partys oder exklusive TV-Shows \u2013 es gibt immer etwas Neues zu entdecken.<\/p>\n\n\n\n<p>Mitmachen und genie\u00dfen<\/p>\n\n\n\n<p>Schlagerfreunde haben viele M\u00f6glichkeiten, Teil dieser einzigartigen Community zu werden. Besuche eine der zahlreichen Shows, verfolge die neuesten Sendungen und erlebe die Welt des Schlagers hautnah. Die Schlagercouch l\u00e4dt alle Fans ein: Feiere mit uns, genie\u00dfe die Musik und sei dabei!<\/p>\n\n\n\n<p class=\"has-white-background-color has-background\">Dortmunder Schlagerpartys und weitere Show\u00b4s<\/p>\n\n\n\n<div class=\"wp-block-buttons is-layout-flex wp-block-buttons-is-layout-flex\">\n<div class=\"wp-block-button\"><a class=\"wp-block-button__link has-vivid-red-background-color has-background wp-element-button\" href=\"https:\/\/www.schlagercouch-tv.de\/Die-Schlagerparty-2024\/\" target=\"_blank\" rel=\"noreferrer noopener\">Do.-Schlagerparty 2024<\/a><\/div>\n\n\n\n<div class=\"wp-block-button\"><a class=\"wp-block-button__link has-pale-pink-background-color has-background wp-element-button\" href=\"https:\/\/www.schlagercouch-tv.de\/Dortmunder-Schlagerpartys\/\" target=\"_blank\" rel=\"noreferrer noopener\">Do.-Schlagerparty <\/a><\/div>\n\n\n\n<div class=\"wp-block-button\"><a class=\"wp-block-button__link has-light-green-cyan-background-color has-background wp-element-button\" href=\"http:\/\/www.schlagercouch-tv.de\" target=\"_blank\" rel=\"noreferrer noopener\">Schlagercouch<\/a><\/div>\n\n\n\n<div class=\"wp-block-button\"><a class=\"wp-block-button__link has-vivid-green-cyan-background-color has-background wp-element-button\" href=\"https:\/\/eventlive-tvproduktion.de\/?page_id=346\" target=\"_blank\" rel=\"noreferrer noopener\">Moderatoren<\/a><\/div>\n\n\n\n<div class=\"wp-block-button\"><a class=\"wp-block-button__link has-vivid-cyan-blue-background-color has-background wp-element-button\" href=\"https:\/\/eventlive-tvproduktion.de\/?p=4386\">Oktoberfest<\/a><\/div>\n\n\n\n<div class=\"wp-block-button\"><a class=\"wp-block-button__link has-luminous-vivid-amber-background-color has-background wp-element-button\" href=\"https:\/\/eventlive-tvproduktion.de\/?p=917\">Schlagerparty-Lichterfest<\/a><\/div>\n<\/div>\n\n\n\n<figure class=\"wp-block-gallery has-nested-images columns-default is-cropped wp-block-gallery-1 is-layout-flex wp-block-gallery-is-layout-flex\">\n<figure class=\"wp-block-image size-medium\"><img loading=\"lazy\" decoding=\"async\" width=\"300\" height=\"233\" data-id=\"380\" src=\"https:\/\/eventlive-tvproduktion.de\/wp-content\/uploads\/IMG_5056-300x233.jpg\" alt=\"\" class=\"wp-image-380\" srcset=\"https:\/\/eventlive-tvproduktion.de\/wp-content\/uploads\/IMG_5056-300x233.jpg 300w, https:\/\/eventlive-tvproduktion.de\/wp-content\/uploads\/IMG_5056-768x596.jpg 768w, https:\/\/eventlive-tvproduktion.de\/wp-content\/uploads\/IMG_5056-150x116.jpg 150w, https:\/\/eventlive-tvproduktion.de\/wp-content\/uploads\/IMG_5056-1536x1192.jpg 1536w, https:\/\/eventlive-tvproduktion.de\/wp-content\/uploads\/IMG_5056.jpg 1920w\" sizes=\"auto, (max-width: 300px) 100vw, 300px\" \/><figcaption class=\"wp-element-caption\">Lichterfest im Fredenbaumparkmit  Feuerwerk &#8211; Uwe Kisker u Nicole Kruse        <\/figcaption><\/figure>\n\n\n\n<figure class=\"wp-block-image size-medium\"><img loading=\"lazy\" decoding=\"async\" width=\"300\" height=\"200\" data-id=\"376\" src=\"https:\/\/eventlive-tvproduktion.de\/wp-content\/uploads\/IMG_5059-300x200.jpg\" alt=\"\" class=\"wp-image-376\" srcset=\"https:\/\/eventlive-tvproduktion.de\/wp-content\/uploads\/IMG_5059-300x200.jpg 300w, https:\/\/eventlive-tvproduktion.de\/wp-content\/uploads\/IMG_5059-768x512.jpg 768w, https:\/\/eventlive-tvproduktion.de\/wp-content\/uploads\/IMG_5059-150x100.jpg 150w, https:\/\/eventlive-tvproduktion.de\/wp-content\/uploads\/IMG_5059-1536x1024.jpg 1536w, https:\/\/eventlive-tvproduktion.de\/wp-content\/uploads\/IMG_5059-1200x800.jpg 1200w, https:\/\/eventlive-tvproduktion.de\/wp-content\/uploads\/IMG_5059.jpg 1920w\" sizes=\"auto, (max-width: 300px) 100vw, 300px\" \/><figcaption class=\"wp-element-caption\">Dortmund Lichterfest im Fredenbaumpark           <\/figcaption><\/figure>\n\n\n\n<figure class=\"wp-block-image size-medium\"><img loading=\"lazy\" decoding=\"async\" width=\"300\" height=\"200\" data-id=\"381\" src=\"https:\/\/eventlive-tvproduktion.de\/wp-content\/uploads\/IMG_5060-300x200.jpg\" alt=\"\" class=\"wp-image-381\" srcset=\"https:\/\/eventlive-tvproduktion.de\/wp-content\/uploads\/IMG_5060-300x200.jpg 300w, https:\/\/eventlive-tvproduktion.de\/wp-content\/uploads\/IMG_5060-768x512.jpg 768w, https:\/\/eventlive-tvproduktion.de\/wp-content\/uploads\/IMG_5060-150x100.jpg 150w, https:\/\/eventlive-tvproduktion.de\/wp-content\/uploads\/IMG_5060-1536x1024.jpg 1536w, https:\/\/eventlive-tvproduktion.de\/wp-content\/uploads\/IMG_5060-1200x800.jpg 1200w, https:\/\/eventlive-tvproduktion.de\/wp-content\/uploads\/IMG_5060.jpg 1920w\" sizes=\"auto, (max-width: 300px) 100vw, 300px\" \/><figcaption class=\"wp-element-caption\">Schlagerparty u Feuerwerk &#8211; Uwe Kisker u Nicole Kruse        <\/figcaption><\/figure>\n\n\n\n<figure class=\"wp-block-image size-medium\"><img loading=\"lazy\" decoding=\"async\" width=\"768\" height=\"512\" data-id=\"499\" src=\"https:\/\/eventlive-tvproduktion.de\/wp-content\/uploads\/01-768x512.jpg\" alt=\"\" class=\"wp-image-499\" srcset=\"https:\/\/eventlive-tvproduktion.de\/wp-content\/uploads\/01-768x512.jpg 768w, https:\/\/eventlive-tvproduktion.de\/wp-content\/uploads\/01-300x200.jpg 300w, https:\/\/eventlive-tvproduktion.de\/wp-content\/uploads\/01-150x100.jpg 150w, https:\/\/eventlive-tvproduktion.de\/wp-content\/uploads\/01-1536x1024.jpg 1536w, https:\/\/eventlive-tvproduktion.de\/wp-content\/uploads\/01-1200x800.jpg 1200w, https:\/\/eventlive-tvproduktion.de\/wp-content\/uploads\/01.jpg 1920w\" sizes=\"auto, (max-width: 768px) 100vw, 768px\" \/><figcaption class=\"wp-element-caption\"> Lichterfest im Fredenbaumpark &#8211; Lichterglanz mit Schlagerparty u Feuerwerk <\/figcaption><\/figure>\n\n\n\n<figure class=\"wp-block-image size-medium\"><img loading=\"lazy\" decoding=\"async\" width=\"768\" height=\"576\" data-id=\"498\" src=\"https:\/\/eventlive-tvproduktion.de\/wp-content\/uploads\/02_5021-768x576.jpeg\" alt=\"\" class=\"wp-image-498\" srcset=\"https:\/\/eventlive-tvproduktion.de\/wp-content\/uploads\/02_5021-768x576.jpeg 768w, https:\/\/eventlive-tvproduktion.de\/wp-content\/uploads\/02_5021-300x225.jpeg 300w, https:\/\/eventlive-tvproduktion.de\/wp-content\/uploads\/02_5021-150x113.jpeg 150w, https:\/\/eventlive-tvproduktion.de\/wp-content\/uploads\/02_5021-1536x1152.jpeg 1536w, https:\/\/eventlive-tvproduktion.de\/wp-content\/uploads\/02_5021.jpeg 1920w\" sizes=\"auto, (max-width: 768px) 100vw, 768px\" \/><figcaption class=\"wp-element-caption\">Lichterfest im Fredenbaumpark <\/figcaption><\/figure>\n\n\n\n<figure class=\"wp-block-image size-medium\"><img loading=\"lazy\" decoding=\"async\" width=\"768\" height=\"576\" data-id=\"501\" src=\"https:\/\/eventlive-tvproduktion.de\/wp-content\/uploads\/03-768x576.jpeg\" alt=\"\" class=\"wp-image-501\" srcset=\"https:\/\/eventlive-tvproduktion.de\/wp-content\/uploads\/03-768x576.jpeg 768w, https:\/\/eventlive-tvproduktion.de\/wp-content\/uploads\/03-300x225.jpeg 300w, https:\/\/eventlive-tvproduktion.de\/wp-content\/uploads\/03-150x113.jpeg 150w, https:\/\/eventlive-tvproduktion.de\/wp-content\/uploads\/03-1536x1152.jpeg 1536w, https:\/\/eventlive-tvproduktion.de\/wp-content\/uploads\/03.jpeg 1920w\" sizes=\"auto, (max-width: 768px) 100vw, 768px\" \/><figcaption class=\"wp-element-caption\">Lichterfest im Fredenbaumpark <\/figcaption><\/figure>\n\n\n\n<figure class=\"wp-block-image size-medium\"><img loading=\"lazy\" decoding=\"async\" width=\"768\" height=\"576\" data-id=\"502\" src=\"https:\/\/eventlive-tvproduktion.de\/wp-content\/uploads\/04-768x576.jpeg\" alt=\"\" class=\"wp-image-502\" srcset=\"https:\/\/eventlive-tvproduktion.de\/wp-content\/uploads\/04-768x576.jpeg 768w, https:\/\/eventlive-tvproduktion.de\/wp-content\/uploads\/04-300x225.jpeg 300w, https:\/\/eventlive-tvproduktion.de\/wp-content\/uploads\/04-150x113.jpeg 150w, https:\/\/eventlive-tvproduktion.de\/wp-content\/uploads\/04-1536x1152.jpeg 1536w, https:\/\/eventlive-tvproduktion.de\/wp-content\/uploads\/04.jpeg 1920w\" sizes=\"auto, (max-width: 768px) 100vw, 768px\" \/><figcaption class=\"wp-element-caption\">Lichterfest im Fredenbaumpark <\/figcaption><\/figure>\n\n\n\n<figure class=\"wp-block-image size-medium\"><img loading=\"lazy\" decoding=\"async\" width=\"768\" height=\"512\" data-id=\"537\" src=\"https:\/\/eventlive-tvproduktion.de\/wp-content\/uploads\/0526w-Dorstfeld-Schlagerparty-Schuetze-2701-768x512.jpg\" alt=\"\" class=\"wp-image-537\" srcset=\"https:\/\/eventlive-tvproduktion.de\/wp-content\/uploads\/0526w-Dorstfeld-Schlagerparty-Schuetze-2701-768x512.jpg 768w, https:\/\/eventlive-tvproduktion.de\/wp-content\/uploads\/0526w-Dorstfeld-Schlagerparty-Schuetze-2701-300x200.jpg 300w, https:\/\/eventlive-tvproduktion.de\/wp-content\/uploads\/0526w-Dorstfeld-Schlagerparty-Schuetze-2701-150x100.jpg 150w, https:\/\/eventlive-tvproduktion.de\/wp-content\/uploads\/0526w-Dorstfeld-Schlagerparty-Schuetze-2701-1536x1024.jpg 1536w, https:\/\/eventlive-tvproduktion.de\/wp-content\/uploads\/0526w-Dorstfeld-Schlagerparty-Schuetze-2701-1200x800.jpg 1200w, https:\/\/eventlive-tvproduktion.de\/wp-content\/uploads\/0526w-Dorstfeld-Schlagerparty-Schuetze-2701.jpg 1920w\" sizes=\"auto, (max-width: 768px) 100vw, 768px\" \/><figcaption class=\"wp-element-caption\">Dortmund Dorstfeld &#8211; Schlagerparty von Event Live beim Dorstfelder Stadtteilfest    <\/figcaption><\/figure>\n\n\n\n<figure class=\"wp-block-image size-medium\"><img loading=\"lazy\" decoding=\"async\" width=\"768\" height=\"576\" data-id=\"538\" src=\"https:\/\/eventlive-tvproduktion.de\/wp-content\/uploads\/IMG_4566-768x576.jpeg\" alt=\"\" class=\"wp-image-538\" srcset=\"https:\/\/eventlive-tvproduktion.de\/wp-content\/uploads\/IMG_4566-768x576.jpeg 768w, https:\/\/eventlive-tvproduktion.de\/wp-content\/uploads\/IMG_4566-300x225.jpeg 300w, https:\/\/eventlive-tvproduktion.de\/wp-content\/uploads\/IMG_4566-150x113.jpeg 150w, https:\/\/eventlive-tvproduktion.de\/wp-content\/uploads\/IMG_4566-1536x1152.jpeg 1536w, https:\/\/eventlive-tvproduktion.de\/wp-content\/uploads\/IMG_4566.jpeg 1920w\" sizes=\"auto, (max-width: 768px) 100vw, 768px\" \/><figcaption class=\"wp-element-caption\">Dortmund Dorstfeld &#8211; Schlagerparty von Event Live beim Dorstfelder Stadtteilfest    <\/figcaption><\/figure>\n\n\n\n<figure class=\"wp-block-image size-medium\"><img loading=\"lazy\" decoding=\"async\" width=\"768\" height=\"576\" data-id=\"540\" src=\"https:\/\/eventlive-tvproduktion.de\/wp-content\/uploads\/IMG_4671-768x576.jpeg\" alt=\"\" class=\"wp-image-540\" srcset=\"https:\/\/eventlive-tvproduktion.de\/wp-content\/uploads\/IMG_4671-768x576.jpeg 768w, https:\/\/eventlive-tvproduktion.de\/wp-content\/uploads\/IMG_4671-300x225.jpeg 300w, https:\/\/eventlive-tvproduktion.de\/wp-content\/uploads\/IMG_4671-150x113.jpeg 150w, https:\/\/eventlive-tvproduktion.de\/wp-content\/uploads\/IMG_4671-1536x1152.jpeg 1536w, https:\/\/eventlive-tvproduktion.de\/wp-content\/uploads\/IMG_4671.jpeg 1920w\" sizes=\"auto, (max-width: 768px) 100vw, 768px\" \/><figcaption class=\"wp-element-caption\">Schlagergarten von Event Live im Revierpark Wischlingen    <\/figcaption><\/figure>\n\n\n\n<figure class=\"wp-block-image size-medium\"><img loading=\"lazy\" decoding=\"async\" width=\"768\" height=\"576\" data-id=\"543\" src=\"https:\/\/eventlive-tvproduktion.de\/wp-content\/uploads\/IMG_4682-768x576.jpeg\" alt=\"\" class=\"wp-image-543\" srcset=\"https:\/\/eventlive-tvproduktion.de\/wp-content\/uploads\/IMG_4682-768x576.jpeg 768w, https:\/\/eventlive-tvproduktion.de\/wp-content\/uploads\/IMG_4682-300x225.jpeg 300w, https:\/\/eventlive-tvproduktion.de\/wp-content\/uploads\/IMG_4682-150x113.jpeg 150w, https:\/\/eventlive-tvproduktion.de\/wp-content\/uploads\/IMG_4682-1536x1152.jpeg 1536w, https:\/\/eventlive-tvproduktion.de\/wp-content\/uploads\/IMG_4682.jpeg 1920w\" sizes=\"auto, (max-width: 768px) 100vw, 768px\" \/><figcaption class=\"wp-element-caption\">Schlagergarten von Event Live im Revierpark Wischlingen <\/figcaption><\/figure>\n\n\n\n<figure class=\"wp-block-image size-medium\"><img loading=\"lazy\" decoding=\"async\" width=\"768\" height=\"512\" data-id=\"542\" src=\"https:\/\/eventlive-tvproduktion.de\/wp-content\/uploads\/IMG_4713-768x512.jpg\" alt=\"\" class=\"wp-image-542\" srcset=\"https:\/\/eventlive-tvproduktion.de\/wp-content\/uploads\/IMG_4713-768x512.jpg 768w, https:\/\/eventlive-tvproduktion.de\/wp-content\/uploads\/IMG_4713-300x200.jpg 300w, https:\/\/eventlive-tvproduktion.de\/wp-content\/uploads\/IMG_4713-150x100.jpg 150w, https:\/\/eventlive-tvproduktion.de\/wp-content\/uploads\/IMG_4713-1536x1024.jpg 1536w, https:\/\/eventlive-tvproduktion.de\/wp-content\/uploads\/IMG_4713-1200x800.jpg 1200w, https:\/\/eventlive-tvproduktion.de\/wp-content\/uploads\/IMG_4713.jpg 1920w\" sizes=\"auto, (max-width: 768px) 100vw, 768px\" \/><\/figure>\n<\/figure>\n\n\n\n<p>Wir produzieren auch die Schlagercouch weitere infos unter <a rel=\"noreferrer noopener\" href=\"http:\/\/www.schlagercouch.de\" data-type=\"URL\" data-id=\"www.schlagercouch.de\" target=\"_blank\">www.schlagercouch.de<\/a> <\/p>\n\n\n\n<figure class=\"wp-block-image size-large is-resized\"><a href=\"https:\/\/eventlive-tvproduktion.de\/wp-content\/uploads\/Folie3.png\" data-rel=\"lightbox-image-0\" data-rl_title=\"\" data-rl_caption=\"\" title=\"\"><img loading=\"lazy\" decoding=\"async\" width=\"768\" height=\"432\" src=\"https:\/\/eventlive-tvproduktion.de\/wp-content\/uploads\/Folie3-768x432.png\" alt=\"\" class=\"wp-image-588\" style=\"width:192px;height:108px\" srcset=\"https:\/\/eventlive-tvproduktion.de\/wp-content\/uploads\/Folie3-768x432.png 768w, https:\/\/eventlive-tvproduktion.de\/wp-content\/uploads\/Folie3-300x169.png 300w, https:\/\/eventlive-tvproduktion.de\/wp-content\/uploads\/Folie3-150x84.png 150w, https:\/\/eventlive-tvproduktion.de\/wp-content\/uploads\/Folie3.png 1411w\" sizes=\"auto, (max-width: 768px) 100vw, 768px\" \/><\/a><figcaption class=\"wp-element-caption\">www.schlagercouch.de<\/figcaption><\/figure>\n\n\n\n<figure class=\"wp-block-embed is-type-video is-provider-youtube wp-block-embed-youtube wp-embed-aspect-16-9 wp-has-aspect-ratio\"><div class=\"wp-block-embed__wrapper\">\n<iframe loading=\"lazy\" title=\"Sendung Nr.198 Schlagercouch mit Nicole  &amp; Uwe &quot;Wir machen Schlager&quot;\" width=\"640\" height=\"360\" src=\"https:\/\/www.youtube.com\/embed\/UmIDJNGzMi8?feature=oembed\" frameborder=\"0\" allow=\"accelerometer; autoplay; clipboard-write; encrypted-media; gyroscope; picture-in-picture; web-share\" referrerpolicy=\"strict-origin-when-cross-origin\" allowfullscreen><\/iframe>\n<\/div><figcaption class=\"wp-element-caption\">Es ist ein ganz besonderes Jubil\u00e4um f\u00fcr alle Schlagerfans: Die beliebte Talkshow Schlagercouch feiert ihr f\u00fcnfj\u00e4hriges Bestehen auf NRWision! P\u00fcnktlich dazu pr\u00e4sentiert das Moderatoren-Duo Nicole Kruse und Uwe Kisker eine Sonderausgabe der Show, in der sie die Zuschauer mit auf eine Reise durch die H\u00f6hepunkte der Sendung und die glanzvolle Welt der Schlagermusik nehmen. Seit der ersten Ausstrahlung am 6. November 2019 haben sich die Schlagercouch und ihre charmanten Moderatoren zu einer festen Gr\u00f6\u00dfe im deutschen Fernsehen entwickelt. Fast 200 Sendungen und \u00fcber 200 G\u00e4ste aus der Schlagerwelt haben den Weg ins Studio gefunden, um gemeinsam mit Nicole und Uwe \u00fcber Musik, Geschichten und Anekdoten zu plaudern. Ob bekannte Stars oder vielversprechende Newcomer \u2013 die Schlager Couch war und ist eine B\u00fchne f\u00fcr alle, die die Leidenschaft zum Schlager teilen. In der etwa 55-min\u00fctigen Jubil\u00e4umsausgabe erwarten die Zuschauer spannende Einblicke hinter die Kulissen der Sendung. Wie entstand die Idee zur Schlagercouch? Was macht den einzigartigen Charme der Sendung aus, und wie hat sich die Schlagerwelt in den letzten f\u00fcnf Jahren ver\u00e4ndert? Uwe und Nicole lassen keine Frage offen und teilen auf humorvolle Weise ihre ganz pers\u00f6nlichen Erinnerungen und H\u00f6hepunkte. F\u00fcr Uwe Kisker, der seine Wurzeln in der Welt der gro\u00dfen Schlagerpartys hat, ist die Schlagercouch eine Herzensangelegenheit. Bereits in den 90er Jahren veranstaltete er legend\u00e4re Schlager-Events wie die \u201eBlau-Wei\u00dfe Nacht\u201c und schuf eine Plattform f\u00fcr die immer wachsende Schlagergemeinde. Gemeinsam mit Nicole Kruse, die mit ihrer frischen Art und ihrem ansteckenden Lachen f\u00fcr gute Laune sorgt, bilden die beiden ein unschlagbares Duo, das die Sendung mit Herz und Humor pr\u00e4gt. Ein weiteres Highlight erwartet die Zuschauer Anfang des Jahres: die 200. Folge der Schlagercouch! In dieser besonderen Jubil\u00e4umssendung werden unter anderem Schlagergr\u00f6\u00dfen wie Markus (\u201eIch will Spa\u00df\u201c) und Yvonne K\u00f6nig zu Gast sein \u2013 ein weiteres unvergessliches Kapitel in der Geschichte der Show. Neben nostalgischen R\u00fcckblicken wird die Jubil\u00e4umsausgabe auch einen Ausblick auf die Zukunft des Schlagers bieten. Was steht als n\u00e4chstes an, welche Trends zeichnen sich ab, und wie sehen Nicole und Uwe die Zukunft des Genres? Freuen Sie sich auf eine unterhaltsame Reise mit vielen Highlights, bezaubernden G\u00e4sten und unz\u00e4hligen besonderen Momenten. Und das Team der Schlagercouch blickt bereits gespannt auf das Jahr 2025! Die Sendungen f\u00fcr die ersten Monate sind schon geplant und vollst\u00e4ndig vorbereitet \u2013 f\u00fcr Januar und Februar erwarten die Zuschauer viele interessante G\u00e4ste und packende Gespr\u00e4che. Die Resonanz von K\u00fcnstlern und Zuschauern ist auch nach f\u00fcnf Jahren ungebrochen gro\u00df. K\u00fcnstlerinnen und K\u00fcnstler, die sich auf die Schlagercouch freuen, k\u00f6nnen sich schon jetzt f\u00fcr die Folgen im M\u00e4rz, April und Mai bewerben. Weitere Informationen und das Bewerbungsformular finden Sie unter www.schlagercouch.de. Schalten Sie ein und erleben Sie die Schlager Couch, wie Sie sie lieben: humorvoll, herzlich und voller Leidenschaft f\u00fcr den Schlager.<\/figcaption><\/figure>\n","protected":false},"excerpt":{"rendered":"<p>R\u00fcckblick Dortmunder Schlagerpartys u.v.m. Die Schlagercouch und Event Live TV Produktion Dortmund GmbH \u2013 Musik, Partys und Unterhaltung im Ruhrgebiet Das Team von Event Live TV-Produktion Dortmund GmbH stehen f\u00fcr mitrei\u00dfende Musikshows, stimmungsvolle Partys und erstklassige Unterhaltung im Ruhrgebiet. Mit zahlreichen Formaten begeistern sie Woche f\u00fcr Woche Fans des deutschen Schlagers und bringen K\u00fcnstler sowie [&hellip;]<\/p>\n","protected":false},"author":5,"featured_media":0,"parent":14,"menu_order":0,"comment_status":"closed","ping_status":"closed","template":"","meta":{"footnotes":""},"class_list":["post-319","page","type-page","status-publish","hentry"],"_links":{"self":[{"href":"https:\/\/eventlive-tvproduktion.de\/index.php?rest_route=\/wp\/v2\/pages\/319","targetHints":{"allow":["GET"]}}],"collection":[{"href":"https:\/\/eventlive-tvproduktion.de\/index.php?rest_route=\/wp\/v2\/pages"}],"about":[{"href":"https:\/\/eventlive-tvproduktion.de\/index.php?rest_route=\/wp\/v2\/types\/page"}],"author":[{"embeddable":true,"href":"https:\/\/eventlive-tvproduktion.de\/index.php?rest_route=\/wp\/v2\/users\/5"}],"replies":[{"embeddable":true,"href":"https:\/\/eventlive-tvproduktion.de\/index.php?rest_route=%2Fwp%2Fv2%2Fcomments&post=319"}],"version-history":[{"count":21,"href":"https:\/\/eventlive-tvproduktion.de\/index.php?rest_route=\/wp\/v2\/pages\/319\/revisions"}],"predecessor-version":[{"id":5481,"href":"https:\/\/eventlive-tvproduktion.de\/index.php?rest_route=\/wp\/v2\/pages\/319\/revisions\/5481"}],"up":[{"embeddable":true,"href":"https:\/\/eventlive-tvproduktion.de\/index.php?rest_route=\/wp\/v2\/pages\/14"}],"wp:attachment":[{"href":"https:\/\/eventlive-tvproduktion.de\/index.php?rest_route=%2Fwp%2Fv2%2Fmedia&parent=319"}],"curies":[{"name":"wp","href":"https:\/\/api.w.org\/{rel}","templated":true}]}}